{"id":5957,"date":"2017-09-20T16:52:25","date_gmt":"2017-09-20T15:52:25","guid":{"rendered":"http:\/\/www.operapoint.com\/?page_id=5957"},"modified":"2026-03-01T15:33:46","modified_gmt":"2026-03-01T14:33:46","slug":"arcadia-2","status":"publish","type":"page","link":"http:\/\/www.operapoint.com\/?page_id=5957","title":{"rendered":"Arcadia"},"content":{"rendered":"<p style=\"text-align: left;\"><strong><em><span style=\"color: #ff0000;\">Arcadia<\/span><\/em><\/strong> ist der<strong><span style=\"color: #0000ff;\"> <em>Freundeskreis<\/em> <em>des<\/em> <em>Vereins zur Pflege klassischer Musik<\/em><\/span><\/strong> .<\/p>\n<p><a href=\"http:\/\/www.operapoint.com\/wp-content\/uploads\/2014\/10\/Korea-National-Opera-romeo-et-juliette-7.jpg\"><img loading=\"lazy\" decoding=\"async\" class=\"alignright wp-image-5974\" src=\"http:\/\/www.operapoint.com\/wp-content\/uploads\/2014\/10\/Korea-National-Opera-romeo-et-juliette-7.jpg\" alt=\"Korea National Opera romeo et juliette 7\" width=\"542\" height=\"305\" srcset=\"http:\/\/www.operapoint.com\/wp-content\/uploads\/2014\/10\/Korea-National-Opera-romeo-et-juliette-7.jpg 761w, http:\/\/www.operapoint.com\/wp-content\/uploads\/2014\/10\/Korea-National-Opera-romeo-et-juliette-7-300x168.jpg 300w\" sizes=\"auto, (max-width: 542px) 100vw, 542px\" \/><\/a>Namensgeber f\u00fcr <em><span style=\"color: #ff0000;\"><strong>Arcadia<\/strong><\/span> <\/em>ist die <em>Accademia degli Arcardia<\/em>, die 1690 in Rom als zun\u00e4chst poetisch literarische Gesellschaft gegr\u00fcndet wurde in Erinnerung an Christine von Schweden.<\/p>\n<p style=\"text-align: left;\">Diese hatte 1659 im Palazzo Riario in Trastevere einen Kreis von K\u00fcnstlern, Geistlichen und Dichtern zum gemeinsamen Gespr\u00e4ch um sich geschart. Nach ihrem Tod im Jahr 1689 wurde dieser Zirkel fortgef\u00fchrt. Da die Dichtkunst damals in direkter Beziehung zur Musik stand, wurden auch Musiker wie Arcangelo Corelli, Bernardo Pasquini oder Alessandro Scarlatti in die Gruppe aufgenommen.<\/p>\n<p style=\"text-align: left;\">Zweck unserer<strong> <em><span style=\"color: #ff0000;\">Arcadia<\/span><\/em><\/strong> ist die ideelle, gesellschaftliche und finanzielle F\u00f6rderung des Vereins zur Pflege klassischer Musik.<\/p>\n<p style=\"text-align: left;\">Diese Unterst\u00fctzung bef\u00e4higt den Verein zur Durchf\u00fchrung seines qualifizierten Seminarangebots.<\/p>\n<h4 style=\"text-align: left;\"><span style=\"font-size: small;\"><em>Termin :<span style=\"color: #ff0000;\"> Sonntag, 18<em>. Juli 2026,\u00a0<\/em> 14:00 Uhr<br \/>\n<\/span><\/em><\/span><\/h4>\n<p>Kontakt: Dorothee Riesenk\u00f6nig, \u00a0Tel.: 02441-5944, E-mail:\u00a0<a href=\"mailto:dorikall@t-online.de\"><span style=\"color: #0000ff;\">dorikall@t-online.de<\/span><\/a><\/p>\n<p>Bild: \u00a0Szenenfoto von <em>Romeo et Juliette<\/em> in Seoul Arts Center, S\u00fcdkorea<\/p>\n<p>&nbsp;<\/p>\n<p>&nbsp;<\/p>\n","protected":false},"excerpt":{"rendered":"<p>Arcadia ist der Freundeskreis des Vereins zur Pflege klassischer Musik . Namensgeber f\u00fcr Arcadia ist die Accademia degli Arcardia, die 1690 in Rom als zun\u00e4chst poetisch literarische Gesellschaft gegr\u00fcndet wurde in Erinnerung an Christine von Schweden. Diese hatte 1659 im<span class=\"ellipsis\">&hellip;<\/span><\/p>\n<div class=\"read-more\"><a href=\"http:\/\/www.operapoint.com\/?page_id=5957\">Weiterlesen \u203a<\/a><\/div>\n<p><!-- end of .read-more --><\/p>\n","protected":false},"author":1,"featured_media":0,"parent":0,"menu_order":1,"comment_status":"closed","ping_status":"open","template":"","meta":{"footnotes":""},"class_list":["post-5957","page","type-page","status-publish","hentry"],"_links":{"self":[{"href":"http:\/\/www.operapoint.com\/index.php?rest_route=\/wp\/v2\/pages\/5957","targetHints":{"allow":["GET"]}}],"collection":[{"href":"http:\/\/www.operapoint.com\/index.php?rest_route=\/wp\/v2\/pages"}],"about":[{"href":"http:\/\/www.operapoint.com\/index.php?rest_route=\/wp\/v2\/types\/page"}],"author":[{"embeddable":true,"href":"http:\/\/www.operapoint.com\/index.php?rest_route=\/wp\/v2\/users\/1"}],"replies":[{"embeddable":true,"href":"http:\/\/www.operapoint.com\/index.php?rest_route=%2Fwp%2Fv2%2Fcomments&post=5957"}],"version-history":[{"count":16,"href":"http:\/\/www.operapoint.com\/index.php?rest_route=\/wp\/v2\/pages\/5957\/revisions"}],"predecessor-version":[{"id":8734,"href":"http:\/\/www.operapoint.com\/index.php?rest_route=\/wp\/v2\/pages\/5957\/revisions\/8734"}],"wp:attachment":[{"href":"http:\/\/www.operapoint.com\/index.php?rest_route=%2Fwp%2Fv2%2Fmedia&parent=5957"}],"curies":[{"name":"wp","href":"https:\/\/api.w.org\/{rel}","templated":true}]}}